{"id":265,"date":"2026-04-08T14:14:51","date_gmt":"2026-04-08T14:14:51","guid":{"rendered":"https:\/\/rosecarmen.com\/?post_type=product&#038;p=265"},"modified":"2026-04-08T14:14:52","modified_gmt":"2026-04-08T14:14:52","slug":"shopping-flow-accompagnement-shopping","status":"publish","type":"product","link":"https:\/\/rosecarmen.com\/index.php\/produit\/shopping-flow-accompagnement-shopping\/","title":{"rendered":"SHOPPING FLOW-Accompagnement shopping"},"content":{"rendered":"<p><b>Un personal shopping strat\u00e9gique et align\u00e9<\/b><b><br \/>\n<\/b><span style=\"font-weight: 400;\">Dur\u00e9e : Sur mesure \u2022 Tarif sur devis \u2022 70\u20ac\/heure <\/span><span style=\"font-weight: 400;\"><br \/>\n<\/span><span style=\"font-weight: 400;\">Le Shopping Flow vient compl\u00e9ter le travail engag\u00e9. On s\u00e9lectionne des pi\u00e8ces coh\u00e9rentes avec ta colorim\u00e9trie, ta morphologie et ton style. Il peut \u00e9galement se r\u00e9aliser gr\u00e2ce \u00e0 un entretien d\u00e9couverte en amont afin de fixer tes objectifs.<\/span><span style=\"font-weight: 400;\"><br \/>\n<\/span><span style=\"font-weight: 400;\">Ici, chaque achat devient intentionnel. On construit une garde robe capsule qui TE ressemble, afin de cr\u00e9er un dressing polyvalent et adapt\u00e9.<\/span><span style=\"font-weight: 400;\"><br \/>\n<\/span><b>La formule comprend :<\/b><b><br \/>\n<\/b><span style=\"font-weight: 400;\">\u2022 D\u00e9finition des besoins avant la s\u00e9ance<\/span><span style=\"font-weight: 400;\"><br \/>\n<\/span><span style=\"font-weight: 400;\">\u2022 S\u00e9lection de boutiques adapt\u00e9es \u00e0 ton budget ( parcours seconde main possible )<\/span><span style=\"font-weight: 400;\"><br \/>\n<\/span><span style=\"font-weight: 400;\">\u2022 Accompagnement en magasin ou en ligne<\/span><span style=\"font-weight: 400;\"><br \/>\n<\/span><span style=\"font-weight: 400;\">\u2022 Cr\u00e9ation d\u2019une multitude de looks<\/span><\/p>\n","protected":false},"excerpt":{"rendered":"<p>Un personal shopping strat\u00e9gique et align\u00e9 Dur\u00e9e : Sur mesure \u2022 Tarif sur devis \u2022 70\u20ac\/heure Le Shopping Flow vient compl\u00e9ter le travail engag\u00e9. On s\u00e9lectionne des pi\u00e8ces coh\u00e9rentes avec ta colorim\u00e9trie, ta morphologie et ton style. Il peut \u00e9galement se r\u00e9aliser gr\u00e2ce \u00e0 un entretien d\u00e9couverte en amont afin de fixer tes objectifs. Ici, [&hellip;]<\/p>\n","protected":false},"featured_media":130,"comment_status":"open","ping_status":"closed","template":"","meta":{"_et_pb_use_builder":"","_et_pb_old_content":"","_et_gb_content_width":""},"product_brand":[],"product_cat":[15],"product_tag":[],"class_list":{"0":"post-265","1":"product","2":"type-product","3":"status-publish","4":"has-post-thumbnail","6":"product_cat-non-classe","8":"first","9":"instock","10":"shipping-taxable","11":"purchasable","12":"product-type-simple"},"_links":{"self":[{"href":"https:\/\/rosecarmen.com\/index.php\/wp-json\/wp\/v2\/product\/265","targetHints":{"allow":["GET"]}}],"collection":[{"href":"https:\/\/rosecarmen.com\/index.php\/wp-json\/wp\/v2\/product"}],"about":[{"href":"https:\/\/rosecarmen.com\/index.php\/wp-json\/wp\/v2\/types\/product"}],"replies":[{"embeddable":true,"href":"https:\/\/rosecarmen.com\/index.php\/wp-json\/wp\/v2\/comments?post=265"}],"wp:featuredmedia":[{"embeddable":true,"href":"https:\/\/rosecarmen.com\/index.php\/wp-json\/wp\/v2\/media\/130"}],"wp:attachment":[{"href":"https:\/\/rosecarmen.com\/index.php\/wp-json\/wp\/v2\/media?parent=265"}],"wp:term":[{"taxonomy":"product_brand","embeddable":true,"href":"https:\/\/rosecarmen.com\/index.php\/wp-json\/wp\/v2\/product_brand?post=265"},{"taxonomy":"product_cat","embeddable":true,"href":"https:\/\/rosecarmen.com\/index.php\/wp-json\/wp\/v2\/product_cat?post=265"},{"taxonomy":"product_tag","embeddable":true,"href":"https:\/\/rosecarmen.com\/index.php\/wp-json\/wp\/v2\/product_tag?post=265"}],"curies":[{"name":"wp","href":"https:\/\/api.w.org\/{rel}","templated":true}]}}